- 7*p + 4. Give a(r).
12
Let w(c) = 3*c**2 + 20. Let r(a) = 11*a**2 + 62. Let h(s) = -2*r(s) + 7*w(s). Suppose -4*b + 10 = -v + b, -5*v = 4*b - 8. Determine h(v).
16
Suppose 12*t - 11 - 13 = 0. Let p(o) = 7*o**2 + 6*o + o**t + 7*o**2 - 7*o**2 + o**3 - 1. Let l be -7*(0 + -1 + 2). Calculate p(l).
6
Let n(w) = -2*w**2 - 62*w - 64. Suppose 390 + 4170 = -152*l. Determine n(l).
-4
Let h(l) be the first derivative of -7*l**2/2 - 39*l - 2308. What is h(-10)?
31
Let l be 2 + (-2 - -3) + 1. Let f(r) = 3. Let g(t) = 2*t + 5. Let n(m) = l*g(m) - 7*f(m). Calculate n(-2).
-17
Let a(t) = t**2 + 8*t. Let h = -111 + 116. Suppose -h*g - 5*g + 40 = 0. Suppose -g*f = -76 + 100. Calculate a(f).
-12
Let n = -13254 + 13244. Let o(a) = -a**3 - 14*a**2 - 44*a - 28. Give o(n).
12
Suppose -22 = 4*c - 6. Let p(r) = -r + 1. Let h(b) = 3*b**2 + 6*b - 8. Let v(f) = -h(f) - 7*p(f). Determine v(c).
-51
Let t(n) = n**2 - 10. Let s(g) = -2*g**3 + 15*g**2 - 7*g - 11. Let w(x) = x**3 - 8*x**2 + 4*x + 5. Let r(v) = -4*s(v) - 7*w(v). Let d be r(3). What is t(d)?
-10
Suppose -3*a + 20 = -1. Let f = a + -2. Let c(i) = -7*i + 200. Let l(g) = -16*g + 459. Let x(j) = 23*c(j) - 10*l(j). What is x(f)?
5
Let t(r) = -5*r + 17. Let d(l) = -641*l - 4481. Let o be d(-7). What is t(o)?
-13
Let n = -28 - -46. Suppose -49*t + 32 = -41*t. Suppose 13 = -t*l + 5*j, -2*l + 3 = 3*j - n. Let o(p) = -p**3 + 3*p**2 + p + 4. What is o(l)?
7
Let s be (-13 - (-7 - -3))*(-372)/(-279). Let w(g) = -2*g - 49. Give w(s).
-25
Let b(p) be the second derivative of -1 - 10*p + 5/3*p**3 - p**2. What is b(2)?
18
Let s(w) = -12*w + 154. Let p be s(12). Let z(m) = -16 - 14*m + m**2 + 37 - p. Determine z(8).
-37
Suppose 4*q = -4*d + 68, -4*d + 26 = 3*q - 43. Suppose 10*j - 7*j = -d. Let a(r) = r**2 + 8*r + 5. Calculate a(j).
-7
Suppose l = -0*l - 3. Let r(d) = -4 + 2*d - 2*d - 3*d + 0*d + 2*d. Give r(l).
-1
Let v(r) = 113*r**2 - 14*r - 32. Let x(a) = 34*a**2 - 4*a - 10. Let c(l) = -3*v(l) + 10*x(l). Calculate c(-6).
20
Let s(b) = b**3 + 2*b**2 - 2*b - 2. Let z be ((-2)/3)/((-3)/9). Suppose 5*u - 519 = -504. Suppose 5*g - 9 = 3*o, g + 15 = -u*o - z*o. Determine s(o).
-5
Let x(q) = 53*q - 106. Let m(h) = -22*h + 51. Let k(t) = 7*m(t) + 3*x(t). What is k(-6)?
9
Let a(o) = 2*o + 25*o**2 - o**3 - 9*o + 46 - 23*o**2 + 46 - 89. What is a(4)?
-57
Suppose 2*t + 3*h + 7 = 0, 34 = 4*t - 2*h + 104. Let g(v) = v**2 + 3*v - 156. Determine g(t).
-2
Let m(c) be the second derivative of 1/12*c**4 + 0 + 2*c**2 + 159*c + 4/3*c**3. Determine m(-5).
-11
Let t(n) = -3 + 1 + 3 + 3 - 3 - n. Suppose 4*z = 2*z - 24. Let s = -6 - z. Give t(s).
-5
Let l(p) = -p + 26. Let k be -1*50/10 - (-2 - 2 - 1). What is l(k)?
26
Suppose -3000 = -89*p + 81*p. Let m = -374 + p. Let x(n) = -5*n + 2. Calculate x(m).
-3
Let d(g) = 123*g + 9 + 134*g - 404*g + 136*g. What is d(-1)?
20
Let r(z) = 4*z**2 - 79*z + 37. Let p(n) = -n**2 + 19*n - 9. Let b(j) = 25*p(j) + 6*r(j). Suppose -5*i = -i. Determine b(i).
-3
Let u(c) = -c**2 + 3*c - 1. Let l(r) = -3*r**2 + 11*r - 3. Let m(q) = -l(q) + 5*u(q). What is m(1)?
0
Let x(r) be the second derivative of -r**5/20 + 2*r**4 + 2*r**2 + 3*r + 4. Let c(z) = -z**3 + 8*z**2 + 2*z - 48. Let w be c(4). Calculate x(w).
4
Suppose 0*w = -5*w + 50. Let h be 135 + -141 + (39 - 1). Suppose 0 = 31*p - h*p + w. Let u(k) = k - 14. What is u(p)?
-4
Let d(f) = 11713*f**2 - 5 - 4 - 11710*f**2 - 2 + 29*f. Determine d(-11).
33
Let t(v) = -v**2 + 16*v + 2. Let w be t(16). Let c(l) = 1 + 3*l - l**w - 3 + 17 - 8. Suppose -p - 10 = 3*k, -5*p - 5*k + 0*k = 0. Give c(p).
-3
Let l(a) = -a + 2. Let i(f) = -f**2 + 22*f + 9. Let p be (108/162)/(1/66*2). Let u be i(p). Calculate l(u).
-7
Let s(l) = 45*l - 182. Let u(n) = -17*n + 72. Let y(q) = 5*s(q) + 13*u(q). Determine y(-8).
-6
Let x(s) = s + 30. Let n(k) = k. Let m(g) = -2*n(g) - x(g). Let w be m(-11). Let r(i) = 3*i - 3. Give r(w).
6
Let i(u) = 10*u**2 + 4*u + 3. Let w(c) = -c**3 - 13*c**2 - 7*c + 57. Let o be w(-12). Let n(a) = -25*a**2 - 9*a - 7. Let b(x) = o*n(x) - 7*i(x). Calculate b(1).
4
Let c(l) = l**3 + 2*l**2 + 2*l + 3. Let s = -88 + 159. Let m(i) = i**3 + 8*i**2 - 11*i + 16. Let a be m(-10). Let h = s + a. Give c(h).
-12
Let n(w) be the first derivative of 25*w**3/3 - 3*w**2/2 + w - 1154. What is n(1)?
23
Let p(x) = -5*x**2 - 3*x + 18. Let o(d) = -8*d**2 - 2*d + 35. Let m(a) = 3*o(a) - 5*p(a). Calculate m(-7).
1
Let a(l) = 2*l**2 - 13*l - 7. Let i(v) = 53*v + 6. Let s be i(2). Let c = 119 - s. Let n(d) = -5*d**2 + 27*d + 14. Let h(g) = c*a(g) + 3*n(g). Determine h(-8).
9
Let w(p) = p + 6. Let v be w(-2). Suppose 2*r - 6 + v = 0. Let s(j) = j - r - 1 - 3*j + 3*j. Calculate s(5).
3
Suppose 220*b + 256 = 252*b. Let i(v) = -v**3 + 8*v**2 + v + 3. What is i(b)?
11
Let d(m) = 1051*m + 14 - m**3 - 539*m - 508*m + 4*m**2. Give d(6).
-34
Let g = 18950 + -18953. Let a(s) = -12*s - 30. What is a(g)?
6
Let f(u) = -u**2 + 10*u + 5. Let a(z) = 16*z - 11. Let b be a(6). Suppose -3*v - b = -4*w, 0*v - v - w - 40 = 0. Let k be 94/10 - (-4 + (-154)/v). What is f(k)?
14
Let g be (-303)/(-15) + 1/(-5). Suppose -4*q = -9*q + g. Let f(n) = 4*n + 3*n - 6*n + n - q. What is f(5)?
6
Let b = -396 - -510. Let o = b + -114. Let z(n) = -n + 30. Determine z(o).
30
Let x(b) be the first derivative of b**4/4 + 3*b**3 + b**2 + 13*b - 29. Let r(s) = -2*s**2 - 34*s - 9. Let q be r(-17). Calculate x(q).
-5
Let a(r) = 1005 - r**3 - 496 - 521 + 15*r**2 - 11*r. What is a(14)?
30
Let f(x) = -7 - 22*x**2 + x + 21*x**2 + 1 - 2. Let d be 3/(-6)*6 + 4. Let m be (d - (-2)/(-4))*0. Determine f(m).
-8
Let k(t) = -3*t + 16. Let w be k(3). Let b(f) = 6*f - 2*f - w*f - 3 - 3. Give b(-5).
9
Let k(o) be the second derivative of o**6/360 - o**5/12 + o**4/4 + 21*o**3/2 - 155*o. Let x(t) be the second derivative of k(t). Give x(10).
6
Let k be 2*(-1 - 0) + 407 + -401. Let f(r) be the first derivative of 0*r + 1/2*r**2 + k. What is f(-2)?
-2
Let p(k) be the second derivative of k**4/12 + k**3/6 - 3*k**2/2 - k. Suppose 0 = 1802*l - 1719*l + 415. Calculate p(l).
17
Let q(p) = p - 1. Let d(h) = h**3 - 3*h**2 - 6*h + 9. Let a(b) = 8*b + 154. Let o be a(-19). Let f be d(o). Give q(f).
-8
Let o(r) = 7*r**3 - 8*r**2 + 11*r + 8. Let q(i) = -20*i**3 + 24*i**2 - 32*i - 24. Let s(x) = -17*o(x) - 6*q(x). Let p = -19414 - -19421. Give s(p).
-6
Let l = -260 + 381. Suppose -13*a - 43 = -l. Let g(s) = -s**2 + 6*s + 7. Determine g(a).
7
Suppose -4 = -7*n + 6*n. Suppose -n*a = 8*a - 72. Let k(v) be the third derivative of v**4/6 - 4*v**3/3 + v**2. Give k(a).
16
Suppose 8*i - 4*k = 12*i + 8, 0 = -3*i + 4*k + 29. Let f(z) = -6*z + 5. Give f(i).
-13
Let x = 6 - 7. Let t(u) = 6*u**3 - 7*u**2 - 14*u + 9. Let l(d) = -3*d**3 + 3*d**2 + 6*d - 4. Let z(n) = 7*l(n) + 3*t(n). Give z(x).
2
Let l(v) = -8*v**2 - 241*v - 63. Let n(z) = -3*z**2 - 76*z - 20. Let o(s) = -2*l(s) + 7*n(s). What is o(-10)?
-14
Let y(m) = -m**2 + m. Let d(j) = 81*j + 2*j**2 - 83*j - 7 - j**2. Let z be d(3). Determine y(z).
-20
Let f(s) = 440*s + 594. Let n(o) = 9*o + 12. Let v(k) = -2*f(k) + 99*n(k). Suppose 2*q + 4 = 4*g, 3*g - 4 = 7*g - 4*q. Determine v(g).
33
Let x(u) = -5*u**3 - 5*u**2 - 13*u + 17. Let w be x(1). Let h(f) = -f**3 - 5*f**2 + 4*f - 2. Determine h(w).
10
Let d(t) = -2*t**2 + 154*t - 295. Let p be d(75). Let b(v) be the second derivative of 0 - v + 2/3*v**3 - 5/2*v**2 - 1/20*v**5 + 5/12*v**4. Give b(p).
15
Suppose 0 = 2*b - 10, 5*j - 26*b + 25*b - 15 = 0. Let z(u) = 371 - u**2 + u + j*u**3 - 5*u**3 - 397. What is z(0)?
-26
Let x(v) = 3*v**2 - 25*v + 27. Let c be x(7). Let k(n) be the third derivative of -n**6/120 - n**5/30 + n**3/6 + 33*n**2. Determine k(c).
0
Let o(s) = 5*s**3 - s**2 - 41*s - 40. Let p be (2/20)/((-453)/4530). Determine o(p).
-5
Let d(n) = 102*n - 22*n - 27*n - 20*n - 9 - 34*n. Let i(t) = t**3 - 8*t**2 - t + 3. Let f be i(8). Determine d(f).
-4
Let t(p) = -17*p**2 - 3*p + 2. Let s(i) = -i**3 + 51*i**2 + 165*i - 164. Let m be s(54). Calculate t(m).
-60
Let a(c) = -3*c + 67. Let m be a(22). Let p(i) = -15*i**3 + 3*i**2 - 3*i - 3. Let y(s) = 7*s**3 - s**2 + s + 1. Let z(k) = 2*p(k) + 5*y(k). Calculate z(m).
4
Let i(p) be the second derivative of p**5/20 + 11*p**4/12 + 11*p**3/6 - 3*p**2 - p. Suppose 6*z + 29*z + 30*z = -650. Determine i(z).
-16
Let o(g) = -2974 + 2*g*